?
False
Suppose -2*w + 4 = -2*u, 5*w - u + 3 = 21. Suppose c - w*c = -6. Suppose -847 = -2*s - 3*v, -s - s + 832 = -c*v. Is s composite?
False
Suppose 5 + 0 = -5*q - 5*s, 3*q = -4*s + 1. Let p(k) = -3*k**2 + 88*k - 32. Let g be p(29). Is 2 + (159 - (q - g)) a prime number?
True
Suppose -3*n + 29 = 2*n - 4*x, 10 = 3*n + 5*x. Suppose -n*w = 2*v - 3*v - 3233, 3*w + 2*v = 1945. Is w composite?
False
Let g be (-3)/(-9) - 20/(-12). Suppose g*z = 3*z - 2. Is (-2 - 5)/(z/(-34)) composite?
True
Suppose 12*f - 6*f + 2556 = 0. Let w = -227 - f. Is w prime?
True
Let p be 6/4*(-4 + 10)/3. Suppose -4*h + p*h + 409 = 0. Is h prime?
True
Let l(x) = -109*x**2 - x. Let w be l(-1). Let c = 299 + w. Is c a prime number?
True
Suppose 4*f = -j + 87, j + 2*f = 5*f + 94. Suppose b + 3*c = j, -5*b - 3*c = -6*b + 79. Is b prime?
False
Suppose 8 = -5*d + 2*r - 28, -3*d = -5*r + 14. Is (1535/10)/((-2)/d) composite?
True
Suppose 2*u = -2*u + 5*t + 4031, t = -2*u + 2019. Is u a prime number?
True
Suppose 188 = -5*f - r + 5*r, 145 = -4*f + 5*r. Let v = -43 + f. Is 1/((-250)/v + -3) a composite number?
False
Suppose -159383 = 90*j - 97*j. Is j prime?
True
Suppose 112*o - 97*o - 212505 = 0. Is o prime?
False
Suppose 5*i + 1167 + 543 = 0. Let q be (14 + 2)/(4/i). Let c = q + 2519. Is c prime?
True
Let s be (14140/8)/1 + 3/2. Suppose -4*d - 205 = -s. Is d prime?
False
Let x(w) = -163*w**3 - w**2 + 12*w + 11. Is x(-3) a prime number?
False
Suppose 2*l - 2*k = -k + 38, -2*l = k - 34. Suppose -3*b + 810 = -3*a, -4*a + l = 2. Is b a prime number?
False
Let g(o) be the third derivative of -o**6/60 - 2*o**5/15 - 3*o**4/8 + o**3/2 - 7*o**2. Is g(-8) composite?
False
Suppose -19317 - 4747 = 8*m. Let c = -2041 - m. Is c a prime number?
True
Is 1658 - (-6 + 5)/(-5 - -4) prime?
True
Let v be ((-1476)/48)/((-3)/136). Suppose t = 4*m - 1911, 3*m - v - 23 = 4*t. Is m a prime number?
True
Let b(z) = 486*z**2 - 10*z - 17. Is b(3) a prime number?
True
Suppose 0*n - 23926 = 5*n + f, 5*n + 23920 = 5*f. Let r be (-6)/27 - n/27. Is r - ((-4)/2 - -1) prime?
False
Let r(t) = -4*t + 2*t - 3 + 272*t**2 - 267*t**2. Let i be (2/4 - 0)*-8. Is r(i) a prime number?
False
Let o = 37 - -1. Suppose -28*f + o = -27*f. Is f a composite number?
True
Suppose 28 + 39 = 5*m - v, -3*m = -v - 39. Let i(y) = -15*y + 1. Let n be i(m). Is (9 + -10)/(1/n) a prime number?
False
Suppose -3*o - 10781 = -4*i, 6*o - 25 = o. Is i prime?
True
Suppose -3*h + 112 = -5*c, -5*c - 200 = -8*h + 3*h. Suppose h = -2*s + 1030. Is s composite?
True
Suppose -4*r + 5*h = -2797, -4*r = -0*r + h - 2791. Is r prime?
False
Let i = -3796 - -5619. Is i composite?
False
Suppose -38 = -4*o + 14. Suppose -3*y = 5*i + o, 5*y - 23 = 4*i + 17. Suppose -y*g + 9*g - 415 = 0. Is g composite?
False
Let q = 1939 - 1141. Suppose 444 = -2*z - 82. Let b = q + z. Is b a composite number?
True
Is 33063 + 14/7*-2 a prime number?
False
Suppose -4*n - 12 = 0, 0 = -2*f + 3*n + 72609 - 9086. Is f prime?
False
Let r(g) = -g + 6. Let j be r(12). Let h = j - -3. Is -3 + (134 - h) + -3 composite?
False
Let b(x) = -342*x + 43. Is b(-4) a composite number?
True
Let q(c) = -3*c**3 + 0*c + 5 - 2*c + c - 3*c**2 + 4*c**3. Let r be q(3). Suppose 3*a + 9 = 0, 2*a - 474 + 164 = -r*i. Is i a prime number?
False
Suppose 8*g = 2*j + 5*g - 1588, -2*j + 1602 = 4*g. Is j prime?
True
Let x be (26 - 25)*51*163. Suppose 13*c - x = 10*c. Is c prime?
False
Let q(x) = x**2 - x. Let r be q(5). Suppose c = -c + 3*a + 38, r = 5*a. Suppose 187 + c = 4*b. Is b composite?
False
Let n(c) = 243*c - 3. Let l be n(9). Suppose 4*p + 0*p + l = 0. Let v = -251 - p. Is v a composite number?
True
Let f(m) = 32*m + 11969. Is f(0) a prime number?
True
Let d be ((-12)/24)/((-1)/10). Suppose 5 = d*g + 30. Let q(u) = -25*u - 12. Is q(g) prime?
True
Suppose m + 5*i - 15104 = 0, -2*i = 25 - 19. Is m a composite number?
True
Let u = -209 - 96. Let y = 542 + u. Is y a composite number?
True
Let q(o) = 153*o**2 - 59*o + 33. Is q(11) a composite number?
True
Let a(v) be the second derivative of -23*v**3/3 + 10*v**2 - 3*v. Is a(-3) composite?
True
Let k = -47 + 525. Is k prime?
False
Let z = 11 + -1. Suppose 0*h + z = 5*h. Suppose a - 197 = 2*v, -3*v + 2*v = h*a - 414. Is a composite?
True
Suppose -5*l + 3437 = 2*l. Is l prime?
True
Suppose 0 = 668*q - 677*q + 142731. Is q a prime number?
True
Let f(k) = 15*k - 19. Let g(v) = -16*v + 20. Let m(t) = -7*f(t) - 6*g(t). Is m(-12) a composite number?
True
Suppose 0*t + 2*t + 1108 = 4*w, -3*w + t + 831 = 0. Suppose -1022 + w = -r. Is r composite?
True
Suppose 2*n = -4*i + 1320 + 2970, -5*n + 3228 = 3*i. Suppose -i + 331 = -4*w. Is w a composite number?
True
Let o(f) = -82*f - 7. Suppose 0 = -5*v + 5*p + 10, -5*v + 4*v = -3*p - 10. Is o(v) composite?
False
Suppose i - 9280 = 5*d - 26734, 3*i + 3488 = d. Is d prime?
True
Let t(l) = 1700*l - 403. Is t(16) composite?
True
Suppose 138117 = -8*n + 19181. Is n/(-3) + 1*(-10)/15 a prime number?
False
Suppose l - 24 = 5*l. Let z(n) = -55*n - 6 - 2 - 5. Is z(l) a composite number?
False
Suppose 0 = 5*i - 5 - 50. Suppose -1593 = -i*h + 4138. Is h prime?
True
Suppose 0 = 2*k - 5*m - 46011, 2*k + 4*m - 45966 = -0*k. Is k a prime number?
True
Let p(x) = x**2 - 6*x + 3. Let u be p(3). Let g be (-8)/u*(-9)/6. Is -5 + g/(-1) + 188 a prime number?
False
Suppose 4*k = -2*k + 5322. Is k a composite number?
False
Suppose 5*d = 5*k - 25, -4*d + 0*d - 8 = 2*k. Suppose 5*y = k*y + 2*n + 335, 3*n = 15. Is y composite?
True
Is 3/(-2)*(-818752)/96 a prime number?
False
Let q be (-4802)/(-6) + 5/(-15). Suppose -8*v + q = -4*v. Let u = v + -115. Is u prime?
False
Let c(s) = 7*s - 5. Suppose 0*a = -2*a + 8. Is c(a) a composite number?
False
Let v be 3*(4 + (-37)/3). Let q be (4 - v/(-1))*-1. Suppose -p + 5*b - q = -237, -2*p + 419 = 3*b. Is p a prime number?
True
Suppose 4*c = -190 - 414. Let p = 306 + c. Is p a prime number?
False
Let r be 178/10 + (4 - (-76)/(-20)). Is r/(-12)*(-4098)/9 a prime number?
True
Let t(y) = -395*y - 8. Let i be t(2). Let x = 781 - i. Is x a prime number?
True
Let t be -51*(2 - -2)/12. Let z(g) = -4*g + 21. Is z(t) composite?
False
Suppose -5*q - 4 + 14 = -5*j, -3*q + 22 = 5*j. Suppose 0*u = j*u - 400. Suppose -3*w + 199 + u = 0. Is w a prime number?
False
Suppose -5*i + 31 = -2*f + 317, -i = 2*f - 298. Suppose -3*p = -5*z - 5, 0*p - 5*z - 5 = -4*p. Suppose 4*t + 0*t - f = p. Is t prime?
True
Let t(i) = -3*i**2 + 15*i + 18593. Is t(0) prime?
True
Let m(j) = 12*j**3 + 8*j**2 - 6*j - 16. Is m(5) a composite number?
True
Suppose 1233 = 2*v - g, 3*v - 5*g - 1351 = 495. Suppose 3*c + 20 - v = 0. Is c a composite number?
False
Let s(y) = y**3 + 10*y**2 + 2. Suppose 6*o - 5 = 7*o. Is s(o) prime?
True
Let b = 668 - 170. Let g = 1171 - b. Is g a prime number?
True
Suppose -3*l - g + 6*g + 49 = 0, l = -5*g - 17. Suppose -9*w = -10*w + l. Let y = 21 - w. Is y a prime number?
True
Is 6 + -7 - (-1 + (-2 - 6999)) a composite number?
False
Is 526/(-3 - (9 - 14)) a composite number?
False
Is 15337352/159 + 1/(-3) prime?
True
Suppose -15484 = -19*k + 38799. Suppose -3*x + 6*x - r - k = 0, 0 = 4*x + 5*r - 3822. Is x a composite number?
False
Let v(h) = -104*h + 45. Is v(-23) prime?
True
Is -2 + 1 - (6 + -4 + -2888) a composite number?
True
Let m(w) = 14*w**2 - 2*w - 1. Let g be m(-2). Suppose z = -2*f + g, 5*z - 3*f = 2*f + 340. Is z composite?
True
Suppose 66*l = 4660711 + 1372415. Is l a composite number?
False
Suppose -107*a + 114*a + 133 = 0. Let b be 6*7 - (0 + 1). Let x = b + a. Is x a composite number?
True
Suppose 5*p = 5*b - 7280, 1462 = 6*b - 5*b + p. Is b a composite number?
False
Let k(u) = -u**3 - 17*u**2 - 20*u + 9. Let j be k(-15). Let m = 96 + j. Is 2/9 + (-1655)/m a prime number?
True
Let r(b) = 2289*b + 1402. Is r(9) a composite number?
False
Suppose 12*h - 28560 = 24372. Is h prime?
False
Suppose 0 = 9*f - 6*f - 9087. Is f a prime number?
False
Let c = -12 + 4. Let t = c - -8. Let w(u) = u + 71. Is w(t) a composite number?
False
Let d(n) = -n**3 + n**2. Let y be d(1). Is (-449*3/3)/(-1) - y prime?
True
Let o(h) = -3*h**3 + 2*h**2 - 2*h + 1. Let w be o(1). Let t be ((-3)/9)/(w/90). Let a(f) = -f**3 + 15*f**2 + 9*f + 20. Is a(t) a prime number?
False
Suppose 2*x + 3*s = 18, 0 = -5*x + 2*x + 2*s + 53. Suppose x = -9*o + 1